{"id":332,"date":"2023-10-12T15:27:55","date_gmt":"2023-10-12T18:27:55","guid":{"rendered":"https:\/\/ileaxeominagbaraoluaye.org\/?page_id=332"},"modified":"2023-10-13T23:07:11","modified_gmt":"2023-10-14T02:07:11","slug":"gelede-frente-feminista-comunitaria-em-nova-iguacu","status":"publish","type":"page","link":"https:\/\/ileaxeominagbaraoluaye.org\/?page_id=332","title":{"rendered":"G\u00e8l\u00e8de: frente feminista comunit\u00e1ria em Nova Igua\u00e7u"},"content":{"rendered":"\n<figure class=\"wp-block-image aligncenter size-large\"><img loading=\"lazy\" decoding=\"async\" width=\"1024\" height=\"683\" src=\"http:\/\/ileaxeominagbaraoluaye.org\/wp-content\/uploads\/2023\/10\/20220911-IMG_7624-1-1024x683.jpg\" alt=\"\" class=\"wp-image-90\" srcset=\"https:\/\/ileaxeominagbaraoluaye.org\/wp-content\/uploads\/2023\/10\/20220911-IMG_7624-1-1024x683.jpg 1024w, https:\/\/ileaxeominagbaraoluaye.org\/wp-content\/uploads\/2023\/10\/20220911-IMG_7624-1-300x200.jpg 300w, https:\/\/ileaxeominagbaraoluaye.org\/wp-content\/uploads\/2023\/10\/20220911-IMG_7624-1-768x512.jpg 768w, https:\/\/ileaxeominagbaraoluaye.org\/wp-content\/uploads\/2023\/10\/20220911-IMG_7624-1-1536x1024.jpg 1536w, https:\/\/ileaxeominagbaraoluaye.org\/wp-content\/uploads\/2023\/10\/20220911-IMG_7624-1-2048x1365.jpg 2048w\" sizes=\"auto, (max-width: 1024px) 100vw, 1024px\" \/><\/figure>\n\n\n\n<p class=\"has-contrast-color has-text-color has-small-font-size\">O projeto <strong>G\u00e8l\u00e8de: frente feminista comunit\u00e1ria em Nova Igua\u00e7u<\/strong> \u00e9 uma iniciativa do Il\u00ea Ax\u00e9 Omin Agbara Oluay\u00ea junto do Instituto Nova Travessia, que visa criar as condi\u00e7\u00f5es necess\u00e1rias para a constru\u00e7\u00e3o de uma rede de mulheres na regi\u00e3o de Prados Verdes, Nova Igua\u00e7u, a partir da mobiliza\u00e7\u00e3o de mulheres de ax\u00e9 e outras lideran\u00e7as femininas do territ\u00f3rio. <br><br>A ideia para a cria\u00e7\u00e3o de uma rede surgiu a partir da experi\u00eancia adquirida no projeto <strong>Formas do Cuidado<\/strong>, que no ano de 2022 atendeu 50 mulheres moradoras de Prados Verdes e suas fam\u00edlias, articulando-se com equipamentos da rede de prote\u00e7\u00e3o social e lideran\u00e7as de terreiro locais para o desenvolvimento de atividades como rodas de conversa; distribui\u00e7\u00e3o de alimentos e itens de dignidade menstrual; inscri\u00e7\u00e3o em programas sociais; e oficinas de leitura e conta\u00e7\u00e3o de hist\u00f3rias da cultura afrobrasileira voltadas ao p\u00fablico infantil. <br><br>Durante a execu\u00e7\u00e3o do projeto, a comunidade de terreiro pode perceber a precariedade dos v\u00ednculos entre as mulheres e comunidades de terreiro da regi\u00e3o, v\u00ednculos que muitas vezes limitavam-se \u00e0s rela\u00e7\u00f5es de vizinhan\u00e7a e ajuda m\u00fatua. Considerando os muitos desafios que o territ\u00f3rio de Prados Verdes apresenta do ponto de vista socioambiental, surgiu o interesse de promover uma interven\u00e7\u00e3o de longo prazo no territ\u00f3rio, atrav\u00e9s da cria\u00e7\u00e3o de uma rede capaz de mobilizar mulheres &#8211; sejam elas de ax\u00e9 ou n\u00e3o &#8211; para a defesa e promo\u00e7\u00e3o de seus direitos. <br><br>Atualmente em execu\u00e7\u00e3o, o projeto compreende uma a\u00e7\u00e3o de mapeamento de terreiros da regi\u00e3o de Prados Verdes, visando produzir dados sobre a composi\u00e7\u00e3o de g\u00eanero e perfil socioecon\u00f4mico das casas; a realiza\u00e7\u00e3o de encontros com mulheres da regi\u00e3o, com o objetivo de construir pautas coletivas que orientem a atua\u00e7\u00e3o da rede; e a produ\u00e7\u00e3o de uma cartilha, documento que servir\u00e1 para pautar a\u00e7\u00f5es de incid\u00eancia pol\u00edtica no territ\u00f3rio. <br><br>Realiza\u00e7\u00e3o: Il\u00ea Ax\u00e9 Omin Agbara Oluay\u00ea e Instituto Nova Travessia<br>Apoio: Fondo de Acci\u00f3n Urgente &#8211; Am\u00e9rica Latina<br><\/p>\n","protected":false},"excerpt":{"rendered":"<p>O projeto G\u00e8l\u00e8de: frente feminista comunit\u00e1ria em Nova Igua\u00e7u \u00e9 uma iniciativa do Il\u00ea Ax\u00e9 Omin Agbara Oluay\u00ea junto do Instituto Nova Travessia, que visa criar as condi\u00e7\u00f5es necess\u00e1rias para a constru\u00e7\u00e3o de uma rede de mulheres na regi\u00e3o de Prados Verdes, Nova Igua\u00e7u, a partir da mobiliza\u00e7\u00e3o de mulheres de ax\u00e9 e outras lideran\u00e7as [&hellip;]<\/p>\n","protected":false},"author":1,"featured_media":0,"parent":0,"menu_order":0,"comment_status":"closed","ping_status":"closed","template":"","meta":{"footnotes":""},"class_list":["post-332","page","type-page","status-publish","hentry"],"_links":{"self":[{"href":"https:\/\/ileaxeominagbaraoluaye.org\/index.php?rest_route=\/wp\/v2\/pages\/332","targetHints":{"allow":["GET"]}}],"collection":[{"href":"https:\/\/ileaxeominagbaraoluaye.org\/index.php?rest_route=\/wp\/v2\/pages"}],"about":[{"href":"https:\/\/ileaxeominagbaraoluaye.org\/index.php?rest_route=\/wp\/v2\/types\/page"}],"author":[{"embeddable":true,"href":"https:\/\/ileaxeominagbaraoluaye.org\/index.php?rest_route=\/wp\/v2\/users\/1"}],"replies":[{"embeddable":true,"href":"https:\/\/ileaxeominagbaraoluaye.org\/index.php?rest_route=%2Fwp%2Fv2%2Fcomments&post=332"}],"version-history":[{"count":2,"href":"https:\/\/ileaxeominagbaraoluaye.org\/index.php?rest_route=\/wp\/v2\/pages\/332\/revisions"}],"predecessor-version":[{"id":381,"href":"https:\/\/ileaxeominagbaraoluaye.org\/index.php?rest_route=\/wp\/v2\/pages\/332\/revisions\/381"}],"wp:attachment":[{"href":"https:\/\/ileaxeominagbaraoluaye.org\/index.php?rest_route=%2Fwp%2Fv2%2Fmedia&parent=332"}],"curies":[{"name":"wp","href":"https:\/\/api.w.org\/{rel}","templated":true}]}}